rs of 8345438?
2, 4172719
List the prime factors of 4135071699.
3, 11, 59, 707939
What are the prime factors of 510249292?
2, 7, 1129, 16141
What are the prime factors of 60626413?
23, 41, 239, 269
What are the prime factors of 122408630?
2, 5, 239, 51217
List the prime factors of 503589782.
2, 53, 4750847
List the prime factors of 87639560.
2, 5, 71, 30859
List the prime factors of 20591174.
2, 19, 701, 773
List the prime factors of 4694219278.
2, 7, 335301377
List the prime factors of 226348685.
5, 271, 167047
What are the prime factors of 3512466667?
14087, 249341
What are the prime factors of 148040454?
2, 3, 17, 599, 2423
List the prime factors of 2089881.
3, 25801
What are the prime factors of 42311279?
269, 157291
What are the prime factors of 370903538?
2, 185451769
List the prime factors of 295095838.
2, 53, 2783923
List the prime factors of 74281493.
11, 13, 67, 7753
What are the prime factors of 1516640859?
3, 168515651
What are the prime factors of 1089047971?
11, 43, 967, 2381
What are the prime factors of 1351612339?
7, 11, 601, 29207
What are the prime factors of 294985269?
3, 32776141
What are the prime factors of 132260501?
19, 181, 38459
List the prime factors of 318489471.
3, 389, 90971
List the prime factors of 2620972931.
16823, 155797
What are the prime factors of 235873726?
2, 11, 269, 39857
List the prime factors of 43058100.
2, 3, 5, 143527
List the prime factors of 24073480.
2, 5, 29, 20753
List the prime factors of 288644074.
2, 144322037
What are the prime factors of 1129727629?
1129727629
List the prime factors of 317192177.
317192177
What are the prime factors of 1683264843?
3, 13, 17, 65099
What are the prime factors of 131019663?
3, 17, 2569013
What are the prime factors of 426178034?
2, 213089017
List the prime factors of 1977715607.
7, 40361543
What are the prime factors of 139334530?
2, 5, 13933453
What are the prime factors of 958600464?
2, 3, 19, 941, 1117
What are the prime factors of 556120196?
2, 19, 7317371
What are the prime factors of 2743156870?
2, 5, 23, 1747, 6827
List the prime factors of 140819371.
7, 11, 59, 139, 223
List the prime factors of 99383831.
2411, 41221
List the prime factors of 1416618511.
7, 11, 19, 41, 113
What are the prime factors of 18046982?
2, 9023491
What are the prime factors of 45418734?
2, 3, 41, 61543
List the prime factors of 2299875263.
7, 577, 569417
List the prime factors of 588357728.
2, 7, 2626597
What are the prime factors of 14757653?
14757653
What are the prime factors of 9165022358?
2, 59, 7211, 10771
List the prime factors of 25975052.
2, 19, 341777
What are the prime factors of 1079038157?
1079038157
List the prime factors of 5978775418.
2, 7, 11, 67, 579451
List the prime factors of 110901360.
2, 3, 5, 167, 2767
What are the prime factors of 157609540?
2, 5, 11, 127, 5641
List the prime factors of 1113502983.
3, 137, 2709253
What are the prime factors of 67407772?
2, 41, 139, 2957
What are the prime factors of 110207733?
3, 19, 1933469
List the prime factors of 66895436.
2, 41, 407899
What are the prime factors of 96815364?
2, 3, 8067947
What are the prime factors of 605082314?
2, 97, 101, 30881
List the prime factors of 254234039.
29, 8766691
List the prime factors of 310508976.
2, 3, 59, 83, 1321
What are the prime factors of 300067662?
2, 3, 31, 53, 61, 499
List the prime factors of 144977010.
2, 3, 5, 4832567
List the prime factors of 1063288251.
3, 31, 89, 42821
What are the prime factors of 256306953?
3, 7, 443, 27551
What are the prime factors of 509798265?
3, 5, 179, 181, 1049
What are the prime factors of 35582136?
2, 3, 19, 78031
What are the prime factors of 299370762?
2, 3, 5543903
What are the prime factors of 31196722?
2, 59, 4481
What are the prime factors of 53105178?
2, 3, 7, 17, 74377
What are the prime factors of 2013023556?
2, 3, 211, 88337
List the prime factors of 328314871.
61, 5382211
List the prime factors of 737258803.
737258803
What are the prime factors of 371720952?
2, 3, 1039, 4969
List the prime factors of 38510587.
19, 31, 151, 433
What are the prime factors of 1351096301?
17, 79476253
List the prime factors of 1796289268.
2, 233, 1927349
List the prime factors of 7205336.
2, 109, 8263
What are the prime factors of 913432626?
2, 3, 23, 27239
What are the prime factors of 13507813?
11, 1227983
What are the prime factors of 225591594?
2, 3, 41, 917039
What are the prime factors of 3770981809?
7, 337, 1598551
List the prime factors of 2568395169.
3, 95125747
List the prime factors of 2026785304.
2, 263, 963301
List the prime factors of 159484530.
2, 3, 5, 23, 181, 1277
What are the prime factors of 110011249?
37, 2973277
List the prime factors of 706501171.
706501171
What are the prime factors of 41690996?
2, 23, 461, 983
List the prime factors of 850565615.
5, 839, 202757
List the prime factors of 2837946960.
2, 3, 5, 29, 199, 683
List the prime factors of 1859153032.
2, 11, 21126739
List the prime factors of 3777089166.
2, 3, 29, 31, 41, 5693
List the prime factors of 3515372465.
5, 11, 5810533
What are the prime factors of 958872468?
2, 3, 19, 4205581
What are the prime factors of 1091189350?
2, 5, 61, 357767
What are the prime factors of 709340129?
19, 107, 383, 911
What are the prime factors of 67608478?
2, 7, 4829177
What are the prime factors of 88612014?
2, 3, 47, 314227
What are the prime factors of 83168960?
2, 5, 7, 107, 347
What are the prime factors of 7703592?
2, 3, 13, 24691
What are the prime factors of 1938070728?
2, 3, 11, 2447059
What are the prime factors of 38420827?
97, 396091
What are the prime factors of 3251853139?
3251853139
What are the prime factors of 390164069?
19, 43, 477557
List the prime factors of 62778016.
2, 7, 40037
What are the prime factors of 71084943?
3, 563, 14029
What are the prime factors of 104002120?
2, 5, 29, 89657
What are the prime factors of 841201694?
2, 193, 2179279
List the prime factors of 79368176.
2, 4960511
What are the prime factors of 2046076587?
3, 41, 5544923
List the prime factors of 720986315.
5, 7, 20599609
What are the prime factors of 6778735842?
2, 3, 523, 2160209
What are the prime factors of 8996954820?
2, 3, 5, 7, 89, 233, 1033
What are the prime factors of 991943367?
3, 330647789
What are the prime factors of 6386194425?
3, 5, 13, 1031, 6353
What are the prime factors of 1412474220?
2, 3, 5, 569, 4597
What are the prime factors of 2740758211?
59, 46453529
List the prime factors of 60817592.
2, 11, 691109
What are the prime factors of 96226616?
2, 521, 23087
What are the prime factors of 147763965?
3, 5, 9850931
List the prime factors of 116497610.
2, 5, 2063, 5647
List the prime factors of 49468489.
7, 144223
List the prime factors of 2655132716.
2, 663783179
List the prime factors of 301430842.
2, 17, 8865613
What are the prime factors of 33341330?
2, 5, 11, 47, 6449
List the prime factors of 836931157.
37, 22619761
List the prime factors of 1001777765.
5, 23, 1123, 7757
What are the prime factors of 11244761?
11, 1022251
List the prime factors of 133066620.
2, 3, 5, 61, 12119
What are the prime factors of 61153475?
5, 2446139
List the prime factors of 92604594.
2, 3, 19, 83, 9787
What are the prime factors of 1877090429?
9767, 192187
List the prime factors of 1793313228.
2, 3, 7, 2729, 7823
List the prime factors of 560508317.
29, 3089, 6257
List the prime factors of 661620398.
2, 330810199
List the prime factors of 1505611095.
3, 5, 100374073
What are the prime factors of 796285573?
19, 41909767
List the prime factors of 127281137.
313, 406649
List the prime factors of 50769180.
2, 3, 5, 7, 11, 37
What are the prime factors of 88012114?
2, 197, 223381
What are the prime factors of 223002896?
2, 3623, 3847
List the prime factors of 39058575.
3, 5, 239, 2179
List the prime factors of 19143775.
5, 7, 139, 787
List the prime factors of 169880894.
2, 84940447
What are the prime factors of 68181450?
2, 3, 5, 454543
List the prime factors of 71846592.
2, 3, 31, 12071
What are the prime factors of 39538236?
2, 3, 79, 179, 233
What are the prime factors of 142710555?
3, 5, 13, 379, 1931
What are the prime factors of 15950524?
2, 61, 65371
List the prime factors of 79241234.
2, 39620617
What are the prime factors of 302725602?
2, 3, 31, 542519
What are the prime 